{"id":3,"date":"2021-02-04T14:09:23","date_gmt":"2021-02-04T17:09:23","guid":{"rendered":"https:\/\/www.amcconsulting.com.ar\/dev\/?page_id=3"},"modified":"2021-03-03T12:54:45","modified_gmt":"2021-03-03T15:54:45","slug":"politica-privacidad","status":"publish","type":"page","link":"https:\/\/www.amcconsulting.com.ar\/?page_id=3","title":{"rendered":"Pol\u00edtica de privacidad"},"content":{"rendered":"\t\t<div data-elementor-type=\"wp-page\" data-elementor-id=\"3\" class=\"elementor elementor-3\">\n\t\t\t\t\t\t<section class=\"elementor-section elementor-top-section elementor-element elementor-element-58a283d2 elementor-section-boxed elementor-section-height-default elementor-section-height-default\" data-id=\"58a283d2\" data-element_type=\"section\">\n\t\t\t\t\t\t<div class=\"elementor-container elementor-column-gap-default\">\n\t\t\t\t\t<div class=\"elementor-column elementor-col-100 elementor-top-column elementor-element elementor-element-b593826\" data-id=\"b593826\" data-element_type=\"column\">\n\t\t\t<div class=\"elementor-widget-wrap elementor-element-populated\">\n\t\t\t\t\t\t<div class=\"elementor-element elementor-element-79e69719 elementor-widget elementor-widget-text-editor\" data-id=\"79e69719\" data-element_type=\"widget\" data-widget_type=\"text-editor.default\">\n\t\t\t\t<div class=\"elementor-widget-container\">\n\t\t\t\t\t\t\t\t\t<h4><strong>Declaraci\u00f3n de Privacidad<\/strong><\/h4>\n<p><b>AMC<\/b> tiene la intenci\u00f3n de que Amconsulting.com.ar (\u201cnuestro sitio\u201d) de a conocer los servicios que brinda la firma. La declaraci\u00f3n consignada a continuaci\u00f3n constituye nuestra declaraci\u00f3n de privacidad para nuestra firma de servicios profesionales.<\/p>\n<p>Aqu\u00ed describimos las pr\u00e1cticas que seguimos para respetar la privacidad de todos los visitantes a nuestro sitio. En <b>AMC<\/b>, nos concentramos en la implementaci\u00f3n de pr\u00e1cticas justas de informaci\u00f3n que est\u00e1n dise\u00f1adas para proteger su privacidad. Consideramos que todos se benefician del libre flujo de informaci\u00f3n cuando tal informaci\u00f3n se compila y utiliza con responsabilidad.<\/p>\n<p>Si tiene alguna pregunta o considera que esta declaraci\u00f3n de privacidad no responde a sus inquietudes, por favor <u>cont\u00e1ctenos<\/u>.<\/p>\n<p><strong>Recopilaci\u00f3n, Utilizaci\u00f3n, Revelaci\u00f3n, Elecci\u00f3n<\/strong><\/p>\n<p>En ning\u00fan lugar de nuestro sitio es requisito registrarse para utilizarlo. Si usted es simplemente un visitante, le hacemos conocer que no recopilamos dato personal alguno sobre usted.<\/p>\n<p><strong>Puede haber circunstancias<\/strong> en las que Ud. decida recibir actualizaciones continuas de parte de <b>AMC<\/b>. En estos casos, por favor <u>cont\u00e1ctenos <\/u>y a partir de entonces puede que <b>AMC<\/b> se ponga en contacto con las personas que se hayan solicitado tal informaci\u00f3n para invitarlos a eventos especiales, brindarles informaci\u00f3n sobre nuestros servicios, publicaciones y productos, o por otros motivos de marketing.<\/p>\n<p>La informaci\u00f3n recopilada en tal contacto ser\u00e1 confidencial y no ser\u00e1 divulgada a terceros bajo ning\u00fan concepto.<\/p>\n<p><strong>Encuestas<\/strong><\/p>\n<p>Puede que <b>AMC<\/b> efect\u00fae encuestas a trav\u00e9s de nuestro sitio. Puede que a los participantes de las encuestas se les solicite datos personales (nombre, informaci\u00f3n de contacto, etc.) adem\u00e1s de opiniones o feedback. El tipo de informaci\u00f3n recopilada en las encuestas variar\u00e1 y se mantendr\u00e1 tambi\u00e9n en car\u00e1cter de confidencial, no siendo divulgada a terceros bajo ning\u00fan concepto.<\/p>\n<p><strong>Registro a\u00a0Eventos<\/strong><\/p>\n<p><b>AMC<\/b> podr\u00eda facilitar el registro a eventos a trav\u00e9s de nuestro sitio. Puede que se recopilen datos personales a trav\u00e9s de los formularios de registro de eventos y en tales casos podr\u00eda variar el tipo de informaci\u00f3n recopilada. Puede que <b>AMC<\/b> comparta los datos de las personas registradas con terceros en relaci\u00f3n con el evento. Ejemplos de \u201cterceros\u201d son hoteles, patrocinadores o copatrocinadores, promotores, organizadores de eventos (incluido a trav\u00e9s de p\u00e1ginas web de terceros), expositores, panelistas, etc. S\u00edrvase verificar los detalles brindados en cada evento para comprender cabalmente c\u00f3mo se utilizar\u00e1 su informaci\u00f3n.<\/p>\n<p><strong>Empleados de <b>AMC<\/b><\/strong><strong>\u00a0\u00a0\u00a0\u00a0\u00a0\u00a0 <\/strong><\/p>\n<p>Cualquier dato personal que maneje alg\u00fan empleado de <b>AMC<\/b> se mantendr\u00e1 y utilizar\u00e1 bajo estricto car\u00e1cter confidencial para uso interno exclusivamente, salvo en aquellos casos mencionados en el apartado precedente \u201cRegistro a Eventos\u201d.<\/p>\n<p><strong>Datos Personales Sensibles\u00a0<\/strong><\/p>\n<p><b>AMC<\/b> no recopila de manera intencional informaci\u00f3n sensible a trav\u00e9s nuestro sitio salvo que se encuentre obligada por ley hacerlo, como en los procesos de selecci\u00f3n. La informaci\u00f3n personal sensible incluye la raza u origen \u00e9tnico, opiniones pol\u00edticas, creencias religiosas o de otra \u00edndole, afiliaci\u00f3n a sindicatos, salud mental o f\u00edsica, vida sexual o antecedentes penales y, en algunos casos, n\u00fameros de seguridad social o informaci\u00f3n financiera. <b>AMC<\/b> trabaja para proteger la confidencialidad y seguridad de la informaci\u00f3n que obtiene en el curso de sus negocios. El acceso a tal informaci\u00f3n es limitado y existen pol\u00edticas y procedimientos para resguardar la informaci\u00f3n ante p\u00e9rdida, uso indebido y revelaci\u00f3n indebida.<\/p>\n<p><strong>Divulgaci\u00f3n<\/strong><\/p>\n<p><b>AMC<\/b> no revelar\u00e1 datos personales salvo por los siguientes motivos:<\/p>\n<ul>\n<li>Cuando Usted, visitante del sitio web, lo solicita expl\u00edcitamente; o<\/li>\n<li>Si es requerido\u00a0 por una orden judicial o cualquier otro requisito legal o regulatorio, previo a lo cual se dar\u00e1 a Ud. el aviso correspondiente de quien requiere la informaci\u00f3n y la informaci\u00f3n que se estar\u00eda divulgando.<\/li>\n<\/ul>\n<p><u>Nota<\/u>: <b>AMC<\/b> no colecciona ni recopila datos personales ni informaci\u00f3n obtenida por esta p\u00e1gina para su difusi\u00f3n o venta a terceros a los fines de marketing orientado al cliente o host mailings en nombre de terceros.<\/p>\n<p><strong>Modificaciones\u00a0y Retenci\u00f3n\u00a0de Datos<\/strong><\/p>\n<p>La informaci\u00f3n tomada de visitantes a nuestro sitio se guardar\u00e1 solamente para brindar el servicio solicitado. Una vez que el servicio haya sido completado, toda la informaci\u00f3n ser\u00e1 destruida de conformidad con las pol\u00edticas de retenci\u00f3n de datos de <b>AMC<\/b>.<\/p>\n<p>En caso de que necesite que su informaci\u00f3n se actualice, se modifique o se elimine de nuestros registros, por favor <u>cont\u00e1ctenos <\/u>y expl\u00edquenos sus requerimientos.<\/p>\n<p><strong>Ni\u00f1os<\/strong><\/p>\n<p>Esta declaraci\u00f3n de privacidad no se aplica al uso por ni\u00f1os. Comprendemos la importancia de proteger la informaci\u00f3n de los ni\u00f1os, especialmente en un entorno en l\u00ednea, y no recopilamos ni guardamos a sabiendas informaci\u00f3n sobre ni\u00f1os.<\/p>\n<p><strong>Modificaciones\u00a0a esta Pol\u00edtica<\/strong><\/p>\n<p><b>AMC<\/b> podr\u00e1 modificar esta declaraci\u00f3n de la pol\u00edtica conforme a las necesidades. Si se realizan modificaciones a la declaraci\u00f3n, obs\u00e9rvese que podr\u00e1 llevar hasta 30 d\u00edas h\u00e1biles antes de que se implementen las nuevas pr\u00e1cticas en materia de privacidad. Revise esta p\u00e1gina en forma peri\u00f3dica si desea realizar un seguimiento de los cambios.<\/p>\n<p><strong>&#8220;Cookies&#8221; y &#8220;Beacons&#8221;<\/strong><\/p>\n<p>Para asegurar que nuestra p\u00e1gina web est\u00e1 siendo bien administrada y facilitar una mejor navegaci\u00f3n dentro de la misma, tanto nosotros como nuestro(s) proveedor(es) de servicios de web podremos estar utilizando &#8220;cookies&#8221; (breves archivos de texto almacenados en el navegador del usuario) o &#8220;web beacons&#8221; (im\u00e1genes electr\u00f3nicas que permiten al sitio Web contar el n\u00famero de visitantes que han ingresado a una p\u00e1gina en particular y acceder a ciertas &#8220;cookies&#8221;) para almacenar y agregar informaci\u00f3n. Podremos usar estas herramientas para rastrear informaci\u00f3n en nuestros sistemas e identificar categor\u00edas de visitantes por puntos como direcciones de IP, dominio, tipo de navegador y p\u00e1ginas visitadas. Esta informaci\u00f3n se reporta a nuestro Webmaster, quien la utiliza para analizar el n\u00famero de visitantes de las diferentes \u00e1reas del sitio y asegurar con ello la utilidad de nuestro sitio como fuente de informaci\u00f3n \u00fatil y efectiva.<\/p>\n<p>Tanto las &#8220;cookies&#8221; como los &#8220;web beacons&#8221; almacenan informaci\u00f3n personal tal como nombres o direcciones electr\u00f3nicas. La mayor\u00eda de navegadores permiten a los usuarios rechazar las &#8220;cookies&#8221;. Cabe mencionar que en circunstancias espec\u00edficas, el acceso puede ser denegado en ciertas partes de nuestro sitio a aquellos visitantes cuyos navegadores no permitan el uso de &#8220;cookies&#8221;.<\/p>\n<p>Asimismo, cualquier informaci\u00f3n que pudiera ser recopilada a trav\u00e9s de dichas cookies o beacons no ser\u00eda divulgada por <b>AMC<\/b> ni utilizada bajo ning\u00fan concepto.<\/p>\n<p><strong>Mayor Informaci\u00f3n<\/strong><\/p>\n<p>Para\u00a0mayor informaci\u00f3n sobre el alcance de la aplicaci\u00f3n de esta declaraci\u00f3n de privacidad, por favor <u>cont\u00e1ctenos.<\/u><\/p>\t\t\t\t\t\t\t\t<\/div>\n\t\t\t\t<\/div>\n\t\t\t\t\t<\/div>\n\t\t<\/div>\n\t\t\t\t\t<\/div>\n\t\t<\/section>\n\t\t\t\t<\/div>\n\t\t","protected":false},"excerpt":{"rendered":"<p>Declaraci\u00f3n de Privacidad AMC tiene la intenci\u00f3n de que Amconsulting.com.ar (\u201cnuestro sitio\u201d) de a conocer los servicios que brinda la firma. La declaraci\u00f3n consignada a continuaci\u00f3n constituye nuestra declaraci\u00f3n de privacidad para nuestra firma de servicios profesionales. Aqu\u00ed describimos las pr\u00e1cticas que seguimos para respetar la privacidad de todos los visitantes a nuestro sitio. En [&hellip;]<\/p>\n","protected":false},"author":1,"featured_media":0,"parent":0,"menu_order":0,"comment_status":"closed","ping_status":"open","template":"elementor_header_footer","meta":{"footnotes":""},"class_list":["post-3","page","type-page","status-publish","hentry"],"_links":{"self":[{"href":"https:\/\/www.amcconsulting.com.ar\/index.php?rest_route=\/wp\/v2\/pages\/3","targetHints":{"allow":["GET"]}}],"collection":[{"href":"https:\/\/www.amcconsulting.com.ar\/index.php?rest_route=\/wp\/v2\/pages"}],"about":[{"href":"https:\/\/www.amcconsulting.com.ar\/index.php?rest_route=\/wp\/v2\/types\/page"}],"author":[{"embeddable":true,"href":"https:\/\/www.amcconsulting.com.ar\/index.php?rest_route=\/wp\/v2\/users\/1"}],"replies":[{"embeddable":true,"href":"https:\/\/www.amcconsulting.com.ar\/index.php?rest_route=%2Fwp%2Fv2%2Fcomments&post=3"}],"version-history":[{"count":7,"href":"https:\/\/www.amcconsulting.com.ar\/index.php?rest_route=\/wp\/v2\/pages\/3\/revisions"}],"predecessor-version":[{"id":378,"href":"https:\/\/www.amcconsulting.com.ar\/index.php?rest_route=\/wp\/v2\/pages\/3\/revisions\/378"}],"wp:attachment":[{"href":"https:\/\/www.amcconsulting.com.ar\/index.php?rest_route=%2Fwp%2Fv2%2Fmedia&parent=3"}],"curies":[{"name":"wp","href":"https:\/\/api.w.org\/{rel}","templated":true}]}}