{"id":168,"date":"2021-03-02T17:01:09","date_gmt":"2021-03-02T20:01:09","guid":{"rendered":"https:\/\/www.amcconsulting.com.ar\/dev\/?page_id=168"},"modified":"2024-12-12T17:11:45","modified_gmt":"2024-12-12T20:11:45","slug":"industrias","status":"publish","type":"page","link":"https:\/\/www.amcconsulting.com.ar\/?page_id=168","title":{"rendered":"Industrias"},"content":{"rendered":"\t\t<div data-elementor-type=\"wp-page\" data-elementor-id=\"168\" class=\"elementor elementor-168\">\n\t\t\t\t\t\t<section class=\"elementor-section elementor-top-section elementor-element elementor-element-519e9cd5 elementor-section-full_width elementor-section-height-min-height animated-slow elementor-section-height-default elementor-section-items-middle elementor-invisible\" data-id=\"519e9cd5\" data-element_type=\"section\" data-settings=\"{&quot;background_background&quot;:&quot;classic&quot;,&quot;shape_divider_bottom&quot;:&quot;opacity-tilt&quot;,&quot;animation&quot;:&quot;fadeIn&quot;,&quot;shape_divider_top&quot;:&quot;opacity-tilt&quot;}\">\n\t\t\t\t\t\t\t<div class=\"elementor-background-overlay\"><\/div>\n\t\t\t\t\t\t<div class=\"elementor-shape elementor-shape-top\" data-negative=\"false\">\n\t\t\t<svg xmlns=\"http:\/\/www.w3.org\/2000\/svg\" viewBox=\"0 0 2600 131.1\" preserveAspectRatio=\"none\">\n\t<path class=\"elementor-shape-fill\" d=\"M0 0L2600 0 2600 69.1 0 0z\"\/>\n\t<path class=\"elementor-shape-fill\" style=\"opacity:0.5\" d=\"M0 0L2600 0 2600 69.1 0 69.1z\"\/>\n\t<path class=\"elementor-shape-fill\" style=\"opacity:0.25\" d=\"M2600 0L0 0 0 130.1 2600 69.1z\"\/>\n<\/svg>\t\t<\/div>\n\t\t\t\t<div class=\"elementor-shape elementor-shape-bottom\" data-negative=\"false\">\n\t\t\t<svg xmlns=\"http:\/\/www.w3.org\/2000\/svg\" viewBox=\"0 0 2600 131.1\" preserveAspectRatio=\"none\">\n\t<path class=\"elementor-shape-fill\" d=\"M0 0L2600 0 2600 69.1 0 0z\"\/>\n\t<path class=\"elementor-shape-fill\" style=\"opacity:0.5\" d=\"M0 0L2600 0 2600 69.1 0 69.1z\"\/>\n\t<path class=\"elementor-shape-fill\" style=\"opacity:0.25\" d=\"M2600 0L0 0 0 130.1 2600 69.1z\"\/>\n<\/svg>\t\t<\/div>\n\t\t\t\t\t<div class=\"elementor-container elementor-column-gap-default\">\n\t\t\t\t\t<div class=\"elementor-column elementor-col-100 elementor-top-column elementor-element elementor-element-4b857a1b\" data-id=\"4b857a1b\" data-element_type=\"column\">\n\t\t\t<div class=\"elementor-widget-wrap elementor-element-populated\">\n\t\t\t\t\t\t<div class=\"elementor-element elementor-element-6262eb93 elementor-widget elementor-widget-heading\" data-id=\"6262eb93\" data-element_type=\"widget\" data-widget_type=\"heading.default\">\n\t\t\t\t<div class=\"elementor-widget-container\">\n\t\t\t\t\t<h4 class=\"elementor-heading-title elementor-size-default\">INDUSTRIAS<\/h4>\t\t\t\t<\/div>\n\t\t\t\t<\/div>\n\t\t\t\t\t<\/div>\n\t\t<\/div>\n\t\t\t\t\t<\/div>\n\t\t<\/section>\n\t\t\t\t<section class=\"elementor-section elementor-top-section elementor-element elementor-element-bb49cad elementor-section-boxed elementor-section-height-default elementor-section-height-default\" data-id=\"bb49cad\" data-element_type=\"section\">\n\t\t\t\t\t\t<div class=\"elementor-container elementor-column-gap-default\">\n\t\t\t\t\t<div class=\"elementor-column elementor-col-100 elementor-top-column elementor-element elementor-element-68b21f79\" data-id=\"68b21f79\" data-element_type=\"column\">\n\t\t\t<div class=\"elementor-widget-wrap elementor-element-populated\">\n\t\t\t\t\t\t<div class=\"elementor-element elementor-element-5c64fcae elementor-widget elementor-widget-text-editor\" data-id=\"5c64fcae\" data-element_type=\"widget\" data-widget_type=\"text-editor.default\">\n\t\t\t\t<div class=\"elementor-widget-container\">\n\t\t\t\t\t\t\t\t\t<p>Contamos con experiencia en diferentes industrias.<\/p><p><strong>Servicios y Asesor\u00eda:<\/strong><\/p><ul><li>Petr\u00f3leo y gas<\/li><li>Desarrollo de Software<\/li><li>Criptomoneda<\/li><li>Medios Digitales<\/li><li>Farmac\u00e9utico<\/li><li>Agricultura (ma\u00edz, trigo, soja, sorgo, pellets, man\u00ed, huevos, etc.)<\/li><li>Recursos humanos<\/li><li>Servicios financieros<\/li><li>Banca de Inversi\u00f3n<\/li><li>Ingenier\u00eda<\/li><li>Arrendamiento de maquinaria y dispositivos<\/li><li>Centros de back-office y servicios compartidos<\/li><li>Otros<\/li><\/ul><p><strong>Manufactura:<\/strong><\/p><ul><li>Equipos de purificaci\u00f3n de agua<\/li><li>Equipos m\u00e9dicos<\/li><li>Especialidades M\u00e9dicas para Uso Humano y Animal<\/li><li>Productos de pl\u00e1stico y film<\/li><li>Vinos y licores<\/li><li>Otros<\/li><\/ul><p><strong>Reventa:<\/strong><\/p><ul><li>Autom\u00f3viles<\/li><li>Productos qu\u00edmicos<\/li><li>Casino y M\u00e1quinas de Juego<\/li><li>Bicicletas y accesorios<\/li><li>M\u00e1quinas expendedoras (caf\u00e9, t\u00e9 e infusiones diversas)<\/li><li>Materias primas (granos, entre otros)<\/li><li>Industria c\u00e1rnica<\/li><li>Experiencia en diversas industrias<\/li><\/ul>\t\t\t\t\t\t\t\t<\/div>\n\t\t\t\t<\/div>\n\t\t\t\t\t<\/div>\n\t\t<\/div>\n\t\t\t\t\t<\/div>\n\t\t<\/section>\n\t\t\t\t<\/div>\n\t\t","protected":false},"excerpt":{"rendered":"<p>INDUSTRIAS Contamos con experiencia en diferentes industrias. Servicios y Asesor\u00eda: Petr\u00f3leo y gas Desarrollo de Software Criptomoneda Medios Digitales Farmac\u00e9utico Agricultura (ma\u00edz, trigo, soja, sorgo, pellets, man\u00ed, huevos, etc.) Recursos humanos Servicios financieros Banca de Inversi\u00f3n Ingenier\u00eda Arrendamiento de maquinaria y dispositivos Centros de back-office y servicios compartidos Otros Manufactura: Equipos de purificaci\u00f3n de agua [&hellip;]<\/p>\n","protected":false},"author":1,"featured_media":0,"parent":162,"menu_order":0,"comment_status":"closed","ping_status":"closed","template":"elementor_header_footer","meta":{"footnotes":""},"class_list":["post-168","page","type-page","status-publish","hentry"],"_links":{"self":[{"href":"https:\/\/www.amcconsulting.com.ar\/index.php?rest_route=\/wp\/v2\/pages\/168","targetHints":{"allow":["GET"]}}],"collection":[{"href":"https:\/\/www.amcconsulting.com.ar\/index.php?rest_route=\/wp\/v2\/pages"}],"about":[{"href":"https:\/\/www.amcconsulting.com.ar\/index.php?rest_route=\/wp\/v2\/types\/page"}],"author":[{"embeddable":true,"href":"https:\/\/www.amcconsulting.com.ar\/index.php?rest_route=\/wp\/v2\/users\/1"}],"replies":[{"embeddable":true,"href":"https:\/\/www.amcconsulting.com.ar\/index.php?rest_route=%2Fwp%2Fv2%2Fcomments&post=168"}],"version-history":[{"count":55,"href":"https:\/\/www.amcconsulting.com.ar\/index.php?rest_route=\/wp\/v2\/pages\/168\/revisions"}],"predecessor-version":[{"id":1618,"href":"https:\/\/www.amcconsulting.com.ar\/index.php?rest_route=\/wp\/v2\/pages\/168\/revisions\/1618"}],"up":[{"embeddable":true,"href":"https:\/\/www.amcconsulting.com.ar\/index.php?rest_route=\/wp\/v2\/pages\/162"}],"wp:attachment":[{"href":"https:\/\/www.amcconsulting.com.ar\/index.php?rest_route=%2Fwp%2Fv2%2Fmedia&parent=168"}],"curies":[{"name":"wp","href":"https:\/\/api.w.org\/{rel}","templated":true}]}}